the remainder when j is divided by 9?
6
Let y = -308 + 323. What is the remainder when y is divided by 10?
5
Suppose -t - 18 = 5*r + 10, -3*t = 2*r + 19. Let l = -30 + 41. Let h = l - t. What is the remainder when h is divided by 3?
2
What is the remainder when 1/2 - 245/(-2) is divided by 7?
4
Suppose 40 = -7*m + 5. Let p(w) = -w + 0 - 4 - 3*w. What is the remainder when p(m) is divided by 10?
6
Let j(p) = p + 92. Calculate the remainder when j(-22) is divided by 37.
33
Suppose 5*v = b - 85, 4*v + 15 = 7*v. What is the remainder when b is divided by 33?
11
Let t = 1 - -2. Suppose 9 = 6*g - 5*g. Suppose -4*i + 11 = -g. What is the remainder when i is divided by t?
2
Suppose -3*k + 12 = -3*x, x + 0 = 5*k + 4. Suppose 0*i = -8*i + 32. What is the remainder when 98 is divided by ((-50)/i)/(3/x)?
23
Suppose -817 = -6*z - 253. What is the remainder when z is divided by 51?
43
Let p(u) = -u**3 + 2*u**2 + 6*u - 1. Let n be p(4). Let y = n + 20. Calculate the remainder when y is divided by 3.
2
Suppose -8*p = -5*p - 15, g - p = 48. Calculate the remainder when 103 is divided by g.
50
Let k = 759 + -723. What is the remainder when 59 is divided by k?
23
Suppose -5*l + 20 = -5*f, 4*f + 6*l = 3*l + 12. Let q = 30 + f. Suppose -a = 2*a - 48. What is the remainder when q is divided by a?
14
Let n = -16 - -33. What is the remainder when 49 is divided by n?
15
Let f(j) = -j**2 + 9*j - 4. Let n be f(7). Let l(w) = -w**2 + 10*w + 11. Suppose 4*r + 0*r - 28 = 0. What is the remainder when l(n) is divided by r?
4
Suppose 29*m = 25*m - 4. What is the remainder when 53 is divided by (2 + m)*1 - -13?
11
Let h be (-309)/(-9)*(-6 + -12). What is the remainder when h/(-30) - (-3)/(-5) is divided by 3?
2
Suppose -32 = 10*f - 6*f. What is the remainder when (-12)/(-15)*(-180)/f is divided by 7?
4
Let a = 706 - 574. Calculate the remainder when a is divided by 7.
6
Let g = 65 - -50. Calculate the remainder when g is divided by 30.
25
Let t be ((-8)/(-6))/(1 + 6/(-9)). Suppose -5*k + 68 = t*z, 3*k + 0*k - 68 = -4*z. Let u(c) = c**2 + 4*c + 5. What is the remainder when z is divided by u(-4)?
2
Suppose 5*l = 3*l + 6. Suppose 2*m = 2 - 4, 5*r - 235 = 5*m. What is the remainder when r is divided by l/(9/(-16))*-3?
14
Let t = -891 - -985. What is the remainder when t is divided by 27?
13
Suppose 20*k = 2*k + 522. Suppose -3*o + 4*n = -0*n - 36, -o = -n - 12. Calculate the remainder when k is divided by o.
5
Let v be 54/(-12)*78/9. Let p = 12 - v. Calculate the remainder when (-4)/6 - (-2125)/p is divided by 14.
13
Suppose 150 = 7*g + 10. Calculate the remainder when 61 is divided by g.
1
Let p(r) = -2 - 1 - 3*r - 3. Suppose 0 = -3*j + 2*j - 2, 3*w - 7 = -j. Calculate the remainder when p(-4) is divided by w.
0
Let c = -229 + 250. Calculate the remainder when 93 is divided by c.
9
Suppose -5*u + 6*u - 158 = 2*d, -3*u = 5*d - 496. Calculate the remainder when u is divided by 42.
36
Suppose 5*i + 0*i - 320 = 0. Suppose -4*l - 5*z = 6, 0 = 19*l - 14*l + z - 3. Suppose -i = -5*q + l. What is the remainder when 25 is divided by q?
12
Let c = -363 + 397. Calculate the remainder when 158 is divided by c.
22
Let m(o) = -3 - 1 + 2 + o**2. Let j(d) = 6*d**2 + 9*d + 13. What is the remainder when j(-2) is divided by m(3)?
5
Let o(i) = 27*i - 235. Calculate the remainder when o(17) is divided by 52.
16
Suppose 2*j - 3*j = 8. Let d(x) = x**3 + 7*x**2 - 8*x + 3. Calculate the remainder when 11 is divided by d(j).
2
Calculate the remainder when (66 - 68)*(1 + 8*-4) is divided by 11.
7
Let o(d) = -22*d + 8*d + 6*d. Calculate the remainder when (-4 - 2/(-2))*-5 is divided by o(-1).
7
Let p = 267 - 252. What is the remainder when 42 is divided by p?
12
Let a(y) = -y**2 + 9*y - 5. Let f be a(4). Let v = -38 + 30. Let g = v + f. What is the remainder when 25 is divided by g?
4
Suppose -33 = -m + 19. Suppose -3*y + 2*y + 28 = 0. Calculate the remainder when m is divided by y.
24
Let i = -4 - -98. What is the remainder when i is divided by 25?
19
What is the remainder when 85 is divided by (-90)/(-3)*(-12)/(-9)?
5
Suppose 4*s = 2*k + 120, -4*s + 4*k + 107 + 17 = 0. Let b = -15 + s. Calculate the remainder when 41 is divided by b.
13
Let v(d) = 0 + 0*d - 9 + 0 - d**2 + 10*d. Let n be v(8). Let z(b) = 8*b - 7. Calculate the remainder when z(n) is divided by 17.
15
Let o = -9 + 13. Suppose 56 = f - o*w + 9, 3*f = 3*w + 123. Let n = f - 32. What is the remainder when 11 is divided by n?
4
Let l(x) be the second derivative of x**4/3 - x**3 + 9*x**2/2 - 8*x. What is the remainder when l(6) is divided by 24?
21
Let l(r) = -r**2 + 17*r - 21. Let c be l(8). Suppose 4*f = 7*f - c. Calculate the remainder when f is divided by 8.
1
Suppose m = -48 + 8. Let j = m + 115. Calculate the remainder when j is divided by (0 + 1)/((-3)/(-57)).
18
Suppose 2*m + 48 = 4*b, -14*b - 5*m + 60 = -9*b. Let i(o) = 20*o + 1. Suppose 3 = 5*z - 2. What is the remainder when i(z) is divided by b?
9
Let z(q) = 5*q + 69. Let o be 4/16*0/(-1). Calculate the remainder when z(o) is divided by 6.
3
Let b(f) = -1. Let z(q) = 3*q - 21. Let x(k) = -12*b(k) + z(k). What is the remainder when x(12) is divided by 15?
12
Let j = 4 - 4. Suppose 0 = o + 4*a + 6 - j, 5*a + 16 = 3*o. Suppose u - 18 - 2 = -o*w, -4 = -u. What is the remainder when 13 is divided by w?
5
Let y(l) = -l**2 + 6*l - 3. Let c = 12 + -10. Suppose 0 = r - 6*r + 65. What is the remainder when r is divided by y(c)?
3
Suppose -5*o = -5*j - 1730, 3*o + 5*j - 987 = 11. What is the remainder when o is divided by 38?
37
Suppose 51 = 3*c - q, 2 - 11 = 3*q. What is the remainder when 62 is divided by c?
14
Suppose -760 = -22*p + 18*p. What is the remainder when p is divided by 48?
46
Let r = -86 - -133. Let t be -2*2/(-4)*1. Calculate the remainder when r is divided by 1*(-64)/(t*-4).
15
Let k(j) = -j**2 - 10*j + 10. Let w be k(-7). Suppose 29*n = w*n - 114. Calculate the remainder when n is divided by 15.
12
Let q(m) = -m**3 + 8*m**2 - 6*m - 9. Suppose -6*f + 40 - 10 = 0. Calculate the remainder when q(f) is divided by 13.
10
Let j(i) = -i**3 - 40*i**2 - 75*i + 46. What is the remainder when 11 is divided by j(-38)?
3
Let w(z) = 22*z + 2. Let j be w(3). Suppose 0 = 3*g - 8*g + 3*f + j, 5*g - 88 = -2*f. What is the remainder when g is divided by 6?
4
Let k(w) = -w + 2. Let b(r) = r**3 - 10*r**2 + 15*r + 8. Let d be b(8). What is the remainder when 2 is divided by k(d)?
0
Suppose 4*x = 2*x + 22. Suppose -5*m = -4*m + 4, 3*i + 3*m + 408 = 0. Let f = i + 139. What is the remainder when x is divided by f?
4
Let p = 579 - 501. Calculate the remainder when p is divided by (-9)/((-4)/(-6) - 1).
24
Suppose 0*u = 3*u - 69. Suppose 0 = -w + 97 - u. Suppose -433 = -11*r - 11*r - 103. What is the remainder when w is divided by r?
14
Let a(o) = -8*o**2 + 63*o + 8. Calculate the remainder when a(6) is divided by 35.
28
Suppose 17*g - 25*g + 992 = 0. What is the remainder when g is divided by 14?
12
Suppose 4*h - 81 = 51. What is the remainder when h is divided by 21?
12
Let a be -1 + 3 + 2*-1. Suppose -3*b - b + 136 = a. Let n = -896 + 905. Calculate the remainder when b is divided by n.
7
Let n(i) = -i**2 + i + 2. Let m be n(4). Suppose 5*x - 20 = 0, 3*x - 12 + 4 = 2*l. What is the remainder when 10 is divided by ((-15)/m)/(l/4)?
1
Let z = -899 + 1381. What is the remainder when z is divided by 98?
90
Suppose -6*o + 4*o + 798 = 0. What is the remainder when o is divided by 20?
19
Suppose -t = 4*p - 13 - 173, -54 = -p - 4*t. Calculate the remainder when 93 is divided by p.
1
Let h(x) = 8*x - 5. What is the remainder when 174 is divided by h(2)?
9
Let n(c) = -4*c**2 + c - 5. Let p(s) = s**2 - s + 1. Let h(r) = -n(r) - 3*p(r). What is the remainder when 31 is divided by h(-5)?
14
Suppose 5*k - 30 = 4*j + j, -2*j = -k + 3. What is the remainder when 7 is divided by (4/k)/(48/216)?
1
Let o(x) = -4*x**2 + 23*x - 19. Let m(r) = 3*r**2 - 22*r + 19. Let y(h) = -3*m(h) - 2*o(h). Calculate the remainder when y(14) is divided by 4/6*102/4.
14
Suppose 13*c - 1423 = -253. What is the remainder when c is divided by 47?
43
Let p(f) = f**3 + f**2 + 10. Calculate the remainder when 418 is divided by p(-2).
4
Suppose 0 = 3*x - 10 + 4, -5*x = -3*s + 965. Calculate the remainder when s is divided by 83.
76
Let t(